n t is divided by m?
20
Let h be (-1)/7*49/(-7). What is the remainder when h/(226/(-76) - -3) is divided by 13?
12
Let z(d) = 85 - d**2 - 62 + 13*d - 43. Let g = 174 + -116. What is the remainder when g is divided by z(10)?
8
What is the remainder when ((-1)/(10/(-194)))/((-9)/(-45)) is divided by 7?
6
Suppose 11 = -2*d - 13. Calculate the remainder when ((-2)/(d/(-501)))/((-7)/14) is divided by 28.
27
Let h be ((-3)/3)/(-1) - -112. Let o = -38 + h. Calculate the remainder when o is divided by 39.
36
Suppose -984 + 1120 = 4*m. Calculate the remainder when 119 is divided by m.
17
Let b(d) = d**2 - 4*d - 17. Let q be b(12). Let a = 112 - q. What is the remainder when a is divided by 6?
3
Suppose 0 = -0*x + 3*x - 156. Let g be (-2 - 1) + x + 17. Suppose 0 = -2*b + g + 60. Calculate the remainder when b is divided by 33.
30
Let k(o) be the third derivative of -o**6/120 - o**5/10 + o**4/12 - 2*o**3/3 + 8*o**2. Calculate the remainder when k(-7) is divided by (-57)/(-5) + (-2)/5.
9
Let m = -530 + 649. Calculate the remainder when m is divided by 33.
20
Let r = -26 + 36. Suppose -2*b = r, -5*v - b + 45 = -0*b. What is the remainder when 38 is divided by v?
8
Suppose -70 = -5*o + 2*b, -o + 2*b + 1 = -5. Let m(h) = 0*h**3 - 14*h**2 - 2*h**3 + h**3 + 17 - 2*h. Calculate the remainder when m(-14) is divided by o.
13
Suppose -15 = 2*c - 5*s, 3*s - 8 = 5*c + 1. Suppose -4*p = 5*a - 92, -5*a + 4*p + 55 + 53 = c. What is the remainder when a is divided by 3?
2
Let l(g) = -9*g - 132. What is the remainder when 45 is divided by l(-16)?
9
Let j = 138 + -77. Let f(h) = -h**3 - 8*h**2 - 8*h + 9. Let m be ((-7)/(-2))/(10/(-20)). What is the remainder when j is divided by f(m)?
13
Suppose 0 = 2*m - 5*m + 75. Suppose -239*i = -208*i - 3069. What is the remainder when i is divided by m?
24
Suppose j + 3*q + 4 = 0, -j = -0*j + 5*q + 10. Suppose 0 = -h - 0*u + 5*u + 37, j*h - 45 = -3*u. What is the remainder when -87*(32/h + -3) is divided by 10?
9
Suppose 4*a = -5*s + 46 - 10225, -2*a = 5*s + 5087. Calculate the remainder when (1/2)/((-19)/a) is divided by 10.
7
Let w = 890 - -32. Calculate the remainder when w is divided by 77.
75
Let i = 121 - -202. Suppose 32 = 5*a - i. What is the remainder when a is divided by 15?
11
Suppose 6 = -5*l + 46. Suppose 5*c + 2*p = 16 + 36, -c - 5*p = l. Let t(a) = -11*a - 41. What is the remainder when t(-9) is divided by c?
10
Let g be (2/2)/((-2)/(-206)). Suppose -4*s = -263 + g. Calculate the remainder when s - (-2 + 2 - 2) is divided by 11.
9
Suppose 30 = 2*p - p. Suppose 4*n + 0*n = j - 96, -3*n + 170 = 2*j. What is the remainder when j is divided by p?
28
Let v(i) = i**2 + 6*i - 11. Let j(c) = -5*c + 69. Let p be j(16). Calculate the remainder when v(p) is divided by 18.
8
Let b = -242 - -318. What is the remainder when 138 is divided by b?
62
Let z(x) = x**3 - 5*x**2 - 7. Calculate the remainder when z(6) is divided by -1 + 16 + (-2 - -3).
13
Suppose z - 41 + 28 = 0. Calculate the remainder when z is divided by 2/8 + (-27)/(-4).
6
Suppose -11*u = -117 - 422. What is the remainder when 104 is divided by u?
6
Let z = -1181 + 1320. What is the remainder when z is divided by 29?
23
Let h(w) = 2*w**2 + 6*w + 5. Let p be h(-3). Suppose -5*k + 1134 = -p*t + 4*t, 214 = k + 3*t. Calculate the remainder when k is divided by 38.
36
Suppose 45 = 3*i - 78. Suppose 7*q = q + 246. Let n = q + -30. Calculate the remainder when i is divided by n.
8
Suppose -3*r = -i - 2*i - 3, i = 4*r - 19. Let m(b) = b + 7. Let z be m(r). Calculate the remainder when (z + -1)*9/2 is divided by 28.
26
Calculate the remainder when -5 + 5 - (1/(-1) - 54) is divided by 15.
10
Suppose 0 = 2*j - o - 389, -o - 12 + 395 = 2*j. What is the remainder when j is divided by 18?
13
Suppose -s = 22 - 34. Suppose 0 = -s*o - 4*o + 208. Calculate the remainder when 50 is divided by o.
11
Suppose 0 = 29*g - 11*g - 4302. What is the remainder when g is divided by 24?
23
Let g(f) = f**3 - 11*f**2 - 9*f. Let u be g(12). Suppose -3*s = -7*s + u. What is the remainder when s is divided by 4?
1
Let g(k) = 4*k**2 + 7*k + 5. What is the remainder when g(-6) is divided by 10?
7
Let q(r) = -6*r - 1. Let x = 2461 + -2452. What is the remainder when q(-2) is divided by x?
2
Let f = -177 + 193. Calculate the remainder when 45 is divided by f.
13
Suppose -b = -3*b + 3*x + 113, 3*b = x + 152. Suppose 5*d - 459 = 2*u, -2*u + 477 = 5*d + 2*u. Calculate the remainder when d is divided by b.
44
Let t(o) = 4*o + 2. Let s be t(0). Suppose -2*q + 33 = 3*k, -6*q - 38 = -s*k - 2*q. What is the remainder when 34 is divided by k?
8
Let a(w) = 2*w**2 + 17*w - 11. Let i(b) = 18*b**2 - 42*b**2 + b**3 + 9*b + 6 + 16*b**2. Let m be i(6). What is the remainder when a(m) is divided by 15?
13
Let u(z) = 2*z - 16. Let h be u(10). Suppose -h*p + 432 = 5*p. Calculate the remainder when p is divided by 13.
9
Calculate the remainder when 1*(-2 - -4 - -9) is divided by 2/(-7)*(-266)/19.
3
Let m = 38 + -36. Suppose 4*k + 5 = 3*p + m, -3*p = -k - 12. Suppose k*s + 9 = 54. What is the remainder when 26 is divided by s?
11
Suppose 4*c - 5*z = -1 + 3, -2*z = -4*c - 4. Let w = 760 + -766. Calculate the remainder when 131 is divided by (-800)/(-24) - c/w.
32
Let p = 22 - -22. What is the remainder when 173 is divided by p?
41
Let l be (32/16)/(2/(-12)). Let j = 10 + l. What is the remainder when 30 is divided by (j - -1)/((-2)/22)?
8
Let n = 1237 - 1139. Calculate the remainder when n is divided by 27.
17
Let m = -68 - -68. Suppose 62 = 4*r - 2*t, m*r - 4*r + 53 = t. What is the remainder when r is divided by 10?
4
Calculate the remainder when (-157*(-1)/(-4))/((-4)/32) is divided by 21.
20
Let r(m) = -2*m**3 - 26*m**2 - 8*m + 33. What is the remainder when r(-13) is divided by 46?
45
Let n(x) = -124*x - 139. What is the remainder when n(-4) is divided by 40?
37
Let s(x) = 101*x - 1305. Let d(c) = c**3 - 7*c**2 + 4*c + 8. Calculate the remainder when d(7) is divided by s(13).
4
Let t be (-7*29 - -2)*13/13. Calculate the remainder when 77 is divided by (-3)/(-12) - (t/12 - -1).
13
Let r = -40 + 19. Let p = -24 - r. What is the remainder when 6/p*46/(-4) is divided by 13?
10
Let o(m) be the second derivative of -m**5/20 + m**4/3 + m**3/3 - 3*m**2/2 - 10*m. Calculate the remainder when 22 is divided by o(2).
4
Suppose 0 = 2*v - 282 - 326. What is the remainder when v is divided by 18?
16
Calculate the remainder when 135 is divided by 57*4/6 + (7 - 4).
12
Let n = -1809 + 1828. Let r(w) = -w**3 - 2*w**2 - w - 2. Suppose -2*s - 2 = -5*h - 9, 4*s + 7 = 3*h. What is the remainder when n is divided by r(h)?
9
Suppose 7*k + 1 = 183. Suppose -5*t - 2*c + 79 = -2*t, t + c - k = 0. What is the remainder when 78 is divided by t?
24
Let i be -4*((-2)/1)/(-2). Calculate the remainder when 1/4 - 347/i is divided by 1*4*(-4 + 228/24).
21
Suppose -4*c = -2*i - 274, -3*c + 5*i = -211 - 5. Suppose 3*h = 4*h - c. What is the remainder when h is divided by 17?
16
Suppose 2*r - 46 = -0*r. Let o = -65 + 178. What is the remainder when o is divided by r?
21
Suppose 4*m + 0*u - u = 101, -m = 5*u - 20. Suppose 4*w - s = 3*w + m, -4*w = 3*s - 86. What is the remainder when w is divided by 12?
11
Suppose -2*a + 14 = 5*a. Let k(j) = 5*j**2 - 39 + 14*j + 37 + j**3 + 5*j**a. What is the remainder when 38 is divided by k(-8)?
10
Let m(r) = r**3 - 8*r**2 - 108*r + 47. Calculate the remainder when 67 is divided by m(15).
1
Let o(h) = 2*h + 12. Let i be o(-5). Suppose -i*g - 3*l + 117 = 0, 5*l = g - 14 - 12. Calculate the remainder when g is divided by 11.
7
Let f = -277 + 289. What is the remainder when 16 is divided by f?
4
Let u(a) = 2*a**3 - 18*a**2 - a + 21. Calculate the remainder when 80 - (-5)/((-5)/(-3)) is divided by u(9).
11
Let b be ((-98)/8)/(-1*1/(-4)). Let x = b - -85. What is the remainder when 70 is divided by x?
34
Let m(x) = x**2 - 20*x + 28. Let p(u) = 15*u**3 + 2*u**2 - u. Calculate the remainder when p(1) is divided by m(19).
7
Suppose -2*r - 112 = -6*r + 5*c, -3*r - 5*c = -49. Calculate the remainder when 111 is divided by r.
19
Suppose 1422 = 4*q - 5*m, 4*q - 1436 = 3*m - 5*m. Calculate the remainder when q is divided by 40.
38
Suppose -2 - 73 = -4*m - 3*w, -w = -3*m + 40. Calculate the remainder when 70 is divided by m.
10
Suppose